e 81*d + 169 = 24*d - 572. Let q be o(d). What is the highest common divisor of 12 and q?
3
Suppose 75*a - 3763 = 737. Calculate the greatest common factor of 55 and a.
5
Let d be -18 + 6 + 2493 - -8. What is the highest common factor of d and 19?
19
Suppose -5*d + 270 = -5*c, 5*d - 58 = 4*c + 162. Suppose 528 = -5*m + 98. Let f = c - m. What is the greatest common factor of f and 9?
9
Let u(p) = -25*p**2 + 3*p - 2. Let m be u(1). Let o(t) = t**3 + 26*t**2 + 19*t - 36. Let k be o(m). Calculate the highest common divisor of k and 55.
55
Suppose -4*j - 5*m = -93, 3*j + 9*m - 66 = 6*m. Let s be (459/6)/((3/2)/3). What is the greatest common divisor of j and s?
17
Let b(t) = -2*t**3 + 52*t**2 + 17*t + 92. Let n be b(26). Calculate the highest common divisor of 712 and n.
178
Suppose -3*s = -3*i + 87, -3*s + 5*i + 63 = -6*s. Let r = s + 51. What is the greatest common divisor of 175 and r?
25
Let b = 27 - 22. Suppose -b*y = -3*f + 484, y + 571 + 63 = 4*f. Let j = 256 - f. Calculate the highest common divisor of 14 and j.
14
Suppose 231 = l - g, -8*g - 6 = -5*g. Let o = -160 + l. What is the highest common divisor of 69 and o?
69
Let d(u) = 2*u + 28. Suppose 0 = -2*s + 2*n - 12, -2*n = -5*s + n - 24. Let q be d(s). What is the highest common factor of 2 and q?
2
Suppose 0 = -26*q + 57145 - 8265. Calculate the highest common divisor of q and 846.
94
Suppose -7*v + 2*v + 4*f = -1383, 4*v - f = 1102. Let q = v + -247. What is the greatest common divisor of 42 and q?
14
Suppose -21 - 18 = 1364*z - 1365*z. Calculate the highest common divisor of z and 15.
3
Let g = 346 - -79. Suppose -4*c - 311 = 2*q - 361, 3*q = -27. What is the greatest common factor of c and g?
17
Suppose -56*v = 31*v + 17*v - 2704. What is the highest common factor of 4641 and v?
13
Let y = 209 + -208. Let u be (-12 + 0 - -14) + y + -1. What is the highest common factor of u and 14?
2
Let o be (-9)/(1 - (1 + 1)). Let w be 40/(-60) + (-2096)/(-57) + (-8)/76. Calculate the highest common divisor of w and o.
9
Let p(l) = -l**3 - 3*l**2 - 3*l + 8. Suppose 5*k - 10*k - 20 = 0. Let m be p(k). Suppose 20 = d - m. What is the greatest common factor of d and 8?
8
Let x be (-1 + -1)*(-57)/2. Let t be (0 + 2)*(42 + -39). Suppose -39 = -f + 4*r, -20*r + 15*r - t = f. Calculate the highest common divisor of f and x.
19
Suppose -2*g = -m - 57, -m - 3*m + 72 = 2*g. Let v(y) = -6*y - 3*y + 10*y + 19. Let r be v(-9). Calculate the highest common divisor of r and g.
10
Let o be ((-24)/18)/(4/(-9828)). Suppose -7*r = 7*r - o. Let h = -20 - -46. What is the greatest common divisor of r and h?
26
Let j(a) = -a**2 - 12*a + 26. Let s be j(0). Calculate the greatest common divisor of s and 78.
26
Suppose -5*n - 2*l = -1062, -13*l + 8*l - 419 = -2*n. Suppose -752 = -4*s - n. What is the greatest common factor of 15 and s?
15
Let q(u) = -2*u - 18. Let s be q(-10). Let g be 1 + -2 + 6/4*s. Calculate the highest common divisor of g and 32.
2
Let a(z) = 4*z - 17. Let j be a(3). Let x(p) = -39*p - 30. Let k be x(j). Suppose -12*m - k = -17*m. Calculate the greatest common divisor of 88 and m.
11
Let k = -160 - -163. Suppose -39 = -k*i + 531. What is the greatest common divisor of i and 76?
38
Let n = 140 + -130. Suppose n*w - 21*w + 5808 = 0. What is the greatest common factor of 33 and w?
33
Let c(s) = -195*s - 5. Let x = -54 - -53. Let i be c(x). Calculate the greatest common factor of 5 and i.
5
Let t(o) = 3*o**2 + 5*o + 2. Let s be t(-2). Suppose -4 = -s*v + 2*v. Suppose 8*x + 6 - 22 = 0. Calculate the highest common factor of x and v.
2
Let c be 10/(4 + (1 - 6)). Let y be 2/c - (-242)/10. Suppose -2*p + 13 = -p - u, 0 = -2*p + 3*u + y. What is the highest common divisor of 6 and p?
3
Suppose p + 26 = f, -65 = -4*f + 3*p + 38. Let v be ((-30)/f)/(18/(-60)). What is the highest common divisor of v and 18?
2
Suppose -2*n + 4*j - 27 + 71 = 0, -2*n + 5*j = -41. What is the greatest common factor of 203 and n?
7
Let w(h) = -4*h + 11*h**2 + 16 - 22 - 13*h - h**3. Let v be w(9). Calculate the highest common factor of 24 and v.
3
Suppose -51 - 33 = -5*r - 2*l, -63 = -4*r - 3*l. Calculate the highest common factor of 576 and r.
18
Let r be (1 - 97/2)*-2. Suppose 5*o + 45 = 10*o. Let n be ((-180)/(-35))/o - (-129)/7. What is the highest common factor of r and n?
19
Let i = 587 + -597. Let s(l) = l**3 + 24*l**2 + 125*l + 12. Let x be s(i). Calculate the highest common divisor of 72 and x.
18
Suppose y + x = -y + 415, -834 = -4*y + 2*x. Suppose 3*l - 131 = 37*p - 32*p, -l + 2*p = -42. Calculate the highest common divisor of y and l.
52
Suppose 0 = 282*r - 97*r - 198135. Calculate the highest common factor of 2709 and r.
63
Let t be (-174)/(-116)*(-14)/(-3). Suppose -728 = -t*p + 133. Calculate the highest common divisor of p and 328.
41
Let t = 4778 + -3673. Calculate the highest common factor of 680 and t.
85
Let d = 11444 - 11324. Calculate the highest common factor of 1464 and d.
24
Let x(r) = 24*r + 35. Let v be x(6). Suppose u + o + 2*o = 31, -4*u - o = -v. Calculate the highest common divisor of 23 and u.
23
Let a(z) = -26*z**3 - 3*z**2 - 22*z - 213. Let r be a(-8). What is the highest common factor of 21 and r?
21
Suppose 488 = 258*m - 28. What is the greatest common factor of m and 1186?
2
Suppose 10 = 5*w + 5*g, 0 = 2*g + 3*g - 25. Let s be (0 + w)/((-9)/(-6)). Let m be 26 - 1*(-1 + s). What is the highest common divisor of m and 319?
29
Let p = 36 + -25. Suppose 143 = 13*u - 572. What is the greatest common divisor of u and p?
11
Let m(c) = 264*c + 6. Let l be m(22). Suppose -l = -8*k - k. Calculate the greatest common divisor of k and 38.
38
Let s(p) = -8*p**2 - 95*p + 35. Let i be s(-12). Calculate the highest common factor of 3 and i.
1
Let u(l) = -l**3 + 2*l**2 + l + 3. Let a be u(-3). What is the greatest common divisor of 65 and a?
5
Let n(i) = 69*i**2 - 5*i + 13. Let f be n(1). What is the highest common factor of f and 14?
7
Let r be 0 + 2 + (-25 - -4 - 2). Let l = 26 + r. Suppose l*d + 0*n - 1122 = 3*n, -3*n + 3 = 0. Calculate the highest common divisor of 25 and d.
25
Suppose 5*z - 9184 = 2*y, -z + 5*y + 9205 = 4*z. Calculate the highest common factor of z and 14.
14
Let x be 68/24 + -2 - 2145/(-990). Let s(y) = -9*y + 3. Let g be s(-4). What is the greatest common factor of x and g?
3
Let p = 3975 - 3947. Calculate the greatest common factor of 324 and p.
4
Let f be (-8)/(-28) + (-66)/(-14). Let b be (12 + -1)*f + 0/1. Let a = b + 36. Calculate the highest common divisor of a and 13.
13
Let f = -6345 - -6863. Calculate the highest common divisor of 42 and f.
14
Let z be (-1 + -38)/((-90)/25 + 3). Let a be ((-2980)/z)/(-1) + 6/39. Calculate the greatest common divisor of a and 184.
46
Suppose 3*q + 4177 = 18982. Suppose 0 = 11*k - 16*k + q. What is the highest common factor of k and 21?
21
Let g(y) = -21*y + 290. Let b be g(18). Let f be (b/3)/(68/(-102)). What is the highest common factor of f and 55?
11
Let c(q) = 22*q**2 - 54*q + 191. Let h be c(4). Calculate the greatest common factor of h and 1853.
109
Let p be (2/3 - 4130/354) + 3953. Calculate the highest common divisor of p and 72.
18
Let u(f) = 70*f - 50. Let j be 2/(-2)*(-146)/73. Let v be u(j). Suppose -z = -0*z - 30. What is the highest common factor of z and v?
30
Suppose 229 = -4*g + 5*j - 23, 2*j + 282 = -5*g. Let x = 45 + g. Let v = -12 - x. Calculate the greatest common divisor of 11 and v.
1
Let n = 513 + 104. Suppose 0 = -9*k - 167 + n. What is the highest common divisor of 10 and k?
10
Suppose -3*t + 402 = 11*v - 14*v, -401 = -3*t + 2*v. Calculate the highest common factor of 63 and t.
7
Let v be (-7)/126*-9*10. Suppose 0 = v*c - 5, 0 = 2*j - 2*c - 11 - 43. Calculate the highest common divisor of j and 574.
14
Let r(a) = -362*a + 10782. Let q be r(28). Calculate the greatest common factor of q and 306.
34
Let d = -37 + 41. Suppose 130 = x + d*x. Let u(i) = i**3 - 8*i**2 - 3*i - 28. Let g be u(9). What is the highest common factor of g and x?
26
Let a be 17 + 0 + (-18 - -16). Suppose 20 = d + a. What is the greatest common divisor of 40 and d?
5
Suppose -120 = -0*p - 4*p. Let v be 1010 + -23 + (-6)/(-2). Calculate the greatest common divisor of v and p.
30
Suppose 108*t - 78*t - 3300 = 0. Calculate the greatest common divisor o